tiple of 125?
True
Does 209 divide 1478989?
False
Is 19 a factor of 40660?
True
Is 2537088 a multiple of 96?
True
Does 37 divide 111629?
True
Does 117 divide 1212471?
True
Is 4 a factor of 5273?
False
Does 54 divide 107498?
False
Is 3799558 a multiple of 20?
False
Does 104 divide 3030770?
False
Does 22 divide 44602?
False
Is 48 a factor of 680222?
False
Is 21 a factor of 11187279?
False
Is 819498 a multiple of 230?
False
Is 963157 a multiple of 559?
True
Is 10 a factor of 56770?
True
Is 6828198 a multiple of 78?
True
Does 446 divide 667662?
True
Is 16 a factor of 192144?
True
Is 5803476 a multiple of 23?
False
Is 16 a factor of 1445544?
False
Is 883560 a multiple of 157?
False
Is 203728 a multiple of 28?
True
Does 179 divide 3381294?
False
Is 269624 a multiple of 8?
True
Does 968 divide 3174601?
False
Does 7 divide 6310073?
True
Is 4 a factor of 438778?
False
Does 18 divide 3231056?
False
Does 16 divide 63647?
False
Is 1896640 a multiple of 10?
True
Does 50 divide 12715406?
False
Is 127 a factor of 585343?
True
Does 15 divide 52035?
True
Is 1022175 a multiple of 21?
True
Is 7 a factor of 880208?
True
Is 230336 a multiple of 61?
True
Does 31 divide 32085?
True
Does 2077 divide 9190541?
False
Is 25 a factor of 1626274?
False
Is 15 a factor of 298461?
False
Does 125 divide 22335875?
True
Is 19 a factor of 2175885?
False
Does 22 divide 141108?
True
Is 29184 a multiple of 8?
True
Does 9 divide 351672?
False
Is 696820 a multiple of 17?
False
Is 18228 a multiple of 14?
True
Is 24179 a multiple of 3?
False
Is 11 a factor of 2703968?
False
Is 184 a factor of 11242032?
True
Does 398 divide 263730?
False
Does 3 divide 261680?
False
Is 21 a factor of 43129?
False
Is 19 a factor of 209285?
True
Is 4 a factor of 1993?
False
Does 3 divide 25845?
True
Does 93 divide 263469?
True
Does 446 divide 270276?
True
Does 1144 divide 6313829?
False
Is 12489323 a multiple of 61?
True
Is 13 a factor of 239083?
True
Is 17 a factor of 874905?
True
Does 89 divide 2110?
False
Is 554148 a multiple of 32?
False
Does 14 divide 25586256?
False
Does 190 divide 163970?
True
Does 535 divide 56969?
False
Is 25960 a multiple of 22?
True
Is 572636 a multiple of 11?
False
Is 172 a factor of 823020?
True
Does 152 divide 6133384?
False
Is 276014 a multiple of 8?
False
Is 3 a factor of 79065?
True
Is 38836 a multiple of 13?
False
Does 142 divide 504668?
True
Does 30 divide 330972?
False
Does 4 divide 677413?
False
Is 16 a factor of 73485?
False
Does 40 divide 568023?
False
Is 3 a factor of 9042?
True
Is 5 a factor of 2908120?
True
Does 9 divide 1887300?
True
Does 257 divide 341553?
True
Does 58 divide 432285?
False
Is 353588 a multiple of 19?
False
Does 46 divide 129352?
True
Is 182700 a multiple of 70?
True
Is 17 a factor of 305728?
True
Does 6 divide 87126?
True
Is 155 a factor of 70180?
False
Is 362 a factor of 14480?
True
Is 21309453 a multiple of 870?
False
Does 23 divide 5428?
True
Is 22081 a multiple of 34?
False
Is 396665 a multiple of 446?
False
Is 256496 a multiple of 164?
True
Is 1114614 a multiple of 54?
True
Does 33 divide 135993?
True
Is 15 a factor of 7512949?
False
Does 41 divide 22229?
False
Does 13 divide 3424967?
True
Is 38 a factor of 192157?
False
Is 136 a factor of 9759904?
True
Is 10 a factor of 787010?
True
Does 46 divide 10871625?
False
Does 15 divide 388875?
True
Is 17 a factor of 42364?
True
Does 12 divide 116364?
True
Does 5 divide 173106?
False
Does 10 divide 35424?
False
Is 29 a factor of 271039?
False
Is 6927 a multiple of 3?
True
Is 360 a factor of 277560?
True
Is 2416234 a multiple of 27?
False
Does 724 divide 1003972?
False
Is 175107 a multiple of 181?
False
Is 2761758 a multiple of 2161?
True
Is 1332367 even?
False
Does 8 divide 1687177?
False
Does 28 divide 185724?
True
Does 38 divide 2121008?
True
Is 40795 a multiple of 24?
False
Does 42 divide 687793?
False
Does 654 divide 11807024?
False
Is 56185 a multiple of 17?
True
Is 93 a factor of 406667?
False
Is 12 a factor of 435420?
True
Is 63 a factor of 3234467?
False
Is 16 a factor of 631568?
True
Is 459761 a multiple of 938?
False
Is 361306 a multiple of 79?
False
Is 669424 a multiple of 43?
True
Is 6887096 a multiple of 61?
False
Is 523404 a multiple of 268?
True
Is 830529 a multiple of 50?
False
Does 554 divide 683686?
False
Is 13767476 a multiple of 15?
False
Is 1453759 a multiple of 198?
False
Does 20 divide 3805?
False
Does 14 divide 536043?
False
Does 38 divide 29672?
False
Does 10 divide 37139?
False
Is 467430 a multiple of 55?
False
Is 1509127 a multiple of 8?
False
Is 244007 a multiple of 254?
False
Is 29 a factor of 254359?
True
Is 45 a factor of 1381680?
True
Does 1276 divide 14805428?
True
Does 81 divide 45914?
False
Is 97111 a multiple of 191?
False
Does 27 divide 5138809?
False
Does 110 divide 3179775?
False
Does 18 divide 1276524?
True
Is 727728 a multiple of 17?
False
Is 252 a factor of 3864168?
True
Is 597915 a multiple of 387?
True
Is 89225 a multiple of 48?
False
Is 106 a factor of 3971?
False
Is 260 a factor of 13520?
True
Is 113199 a multiple of 97?
True
Is 89 a factor of 149607?
False
Is 60 a factor of 707640?
True
Does 350 divide 112491?
False
Is 5 a factor of 705021?
False
Does 198 divide 67716?
True
Does 28 divide 399653?
False
Is 205984 a multiple of 157?
True
Is 643270 a multiple of 55?
False
Does 99 divide 2298087?
True
Is 22 a factor of 2921402?
True
Does 42 divide 49409?
False
Does 44 divide 5155?
False
Is 348365 a multiple of 3?
False
Is 7 a factor of 108661?
True
Is 122366 a multiple of 17?
True
Does 18 divide 265626?
True
Does 157 divide 166387?
False
Is 62 a factor of 860126?
True
Does 1074 divide 9253738?
False
Is 1276986 a multiple of 58?
True
Does 30 divide 74520?
True
Is 9612351 a multiple of 8?
False
Is 37 a factor of 763828?
True
Is 29 a factor of 48076?
False
Does 2 divide 78682?
True
Is 22 a factor of 566082?
True
Is 4 a factor of 32949?
False
Is 19 a factor of 306089?
False
Is 4 a factor of 469885?
False
Does 25 divide 197117?
False
Does 684 divide 1477533?
False
Is 171661 a multiple of 16?
False
Is 37 a factor of 127835?
True
Does 218 divide 278650?
False
Is 3 a factor of 849782?
False
Is 263469 a multiple of 133?
False
Is 4460373 a multiple of 234?
False
Is 93 a factor of 270351?
True
Does 13 divide 490568?
True
Is 104232 a multiple of 7?
False
Is 351 a factor of 379431?
True
Is 14826568 a multiple of 84?
False
Does 24 divide 29838318?
False
Does 721 divide 7411159?
True
Does 754 divide 1589432?
True
Does 117 divide 702936?
True
Does 22 divide 674606?
False
Does 47 divide 252242?
False
Is 141 a factor of 398748?
True
Is 3945160 a multiple of 290?
True
Is 4923968 a multiple of 32?
True
Is 273 a factor of 285880?
False
Does 8 divide 28372?
False
Is 854 a factor of 3870450?
False
Is 538 a factor of 5959116?
False
Is 20 a factor of 8361286?
False
Does 22 divide 1861775?
False
Does 22 divide 10728?
False
Is 125 a factor of 20500?
True
Does 659 divide 1249169?
False
Is 250 a factor of 156389?
False
Is 74 a factor of 3494684?
False
Is 4801203 a multiple of 446?
False
Is 4551251 a multiple of 436?
False
Does 3 divide 37348?
False
Is 478 a factor of 26553779?
False
Is 844591 a multiple of 2?
False
Is 89 a factor of 4514169?
True
Is 5 a factor of 201087?
False
Is 18968638 a multiple of 573?
False
Is 302 a factor of 11046219?
False
Is 979470 a multiple of 45?
True
Is 372299 a multiple of 100?
False
Is 93889 a multiple of 822?
False
Is 104251 a multiple of 53?
True
Is 9 a factor of 231179?
False
Is 88534 a multiple of 73?
False
Is 654208 a multiple of 608?
True
Is 4 a factor of 124876?
True
Does 163 divide 2640588?
False
Is 255 a factor of 1186005?
True
Is 135 a factor of 136620?
True
Is 3064725 a multiple of 795?
True
Is 96 a factor of 92064?
True
Is 312225 a multiple of 23?
True
Is 100 a factor of 16589400?
True
Is 43 a factor of 69789?
True
Does 1516 divide 17942552?
False
Is 80 a factor of 160560?
True
Is 323730 a multiple of 5?
True
Is 22 a factor of 184734?
True
Does 196 divide 61527?
False
Is 1451 a factor of 1230456?
False
Is 12 a factor of 560087?
False
Is 2405230 a multiple of 122?
True
Does 10 divide 696872?
False
Does 395 divide 4300556?
False
Is 511 a factor of 951482?
True
Does 17 divide 339018?
False
Is 464 a factor of 957335?
False
Does 21 divide 446